5).
2
Let b(o) = o**3 - o**2 - 2*o - 70. Give b(0).
-70
Let n(j) = 25*j - 1434. What is n(51)?
-159
Let n(u) = -2*u**3 + 4*u**2 - 10*u - 20. Determine n(-6).
616
Let n(o) = 12*o**2 + 121*o - 72. Calculate n(-15).
813
Let n(h) = -h**3 + 2*h**2 + 8*h + 4. Determine n(0).
4
Let n(p) = -p**2 + 11*p + 469. Calculate n(29).
-53
Let o(q) = -56*q**2 - 10*q - 3. Determine o(2).
-247
Let j(w) = -44*w**2 + 10*w + 7. Determine j(-1).
-47
Let o(z) = -10*z**2 + 12*z - 64. Give o(4).
-176
Let x(t) = 38*t + 322. Calculate x(-7).
56
Let o(i) = 29*i**2 + 218*i - 436. Determine o(2).
116
Let n(l) = l**2 - 82*l - 335. Determine n(86).
9
Let b(i) = -341*i - 7. Calculate b(1).
-348
Let t(w) = -w**2 - 111*w + 343. Calculate t(-114).
1
Let d(w) = -5*w**2 + 92*w + 27. Give d(18).
63
Let r(v) = -5*v**2 + 127*v - 370. Determine r(3).
-34
Let m(d) = 58*d**2 + d + 4. Determine m(-2).
234
Let k(o) = o**3 + 12*o**2 - 14*o - 1. What is k(-14)?
-197
Let q(s) = 97*s - 740. Give q(6).
-158
Let x(o) = o**2 - 202*o + 1545. Determine x(8).
-7
Let g(c) = c**3 + 45*c**2 + 415*c - 4. What is g(-13)?
9
Let f(i) = i**2 + 54*i + 617. Give f(-13).
84
Let z(a) = 27*a - 580. What is z(28)?
176
Let v(y) = y**2 - 4296*y + 51407. Determine v(12).
-1
Let h(n) = -3*n**2 + 36*n + 577. Calculate h(21).
10
Let a(v) = -12*v + 302. What is a(27)?
-22
Let s(m) = -m**3 + 162*m**2 - m + 125. What is s(162)?
-37
Let f(b) = -2*b**3 - 11*b**2 + 90*b + 450. Calculate f(-5).
-25
Let n(a) = -2*a**3 + 17*a**2 - 48*a + 531. Calculate n(9).
18
Let f(c) = -39*c - 119. Determine f(-4).
37
Let z(f) = 50*f + 49. Give z(1).
99
Let a(y) = 4*y**2 + 53*y + 3. Calculate a(-9).
-150
Let l(j) = 4*j**3 + 16*j**2 - 27*j + 4. Calculate l(0).
4
Let p(y) = 8*y**2 - 177*y + 364. Give p(2).
42
Let r(b) = -b**3 + 14*b**2 + 3*b + 100. Give r(13).
308
Let y(u) = u**2 + 97*u - 1416. Calculate y(13).
14
Let o(j) = -72*j + 993. Calculate o(14).
-15
Let k(b) = b**3 + 9*b**2 + 8*b + 12. Determine k(-6).
72
Let t(o) = -2*o**3 + 97*o**2 + 36*o + 626. Calculate t(49).
-11
Let w(h) = 48*h**2 - 25*h + 28. Calculate w(1).
51
Let y(n) = 19*n**2 - 162*n - 3. What is y(9)?
78
Let c(b) = -b**3 - 12*b**2 - 28*b - 206. Calculate c(-10).
-126
Let x(v) = 5*v + 99. What is x(32)?
259
Let l(s) = 52*s - 656. Determine l(13).
20
Let b(w) = -17*w + 86. Determine b(4).
18
Let f(n) = -310*n**2 - 62*n + 61. Determine f(1).
-311
Let j(y) = -2*y**2 - 73*y + 30. Determine j(-32).
318
Let g(d) = d**3 + 84*d**2 - 314*d - 657. Determine g(5).
-2
Let l(d) = -d**3 - 17*d**2 + 43*d + 97. Give l(-19).
2
Let i(o) = -1142*o + 6858. What is i(6)?
6
Let d(n) = 53*n + 613. Calculate d(-13).
-76
Let j(n) = -78*n - 2217. Give j(-28).
-33
Let l(x) = 7*x - 317. Calculate l(38).
-51
Let c(a) = 28*a - 33. Give c(-4).
-145
Let t(u) = 10*u**3 - u**2 - u + 2. Determine t(1).
10
Let v(n) = -1021*n - 3174. Give v(-3).
-111
Let p(r) = -11*r + 103. Give p(10).
-7
Let b(r) = r**2 + 321*r - 15659. What is b(43)?
-7
Let b(r) = -22*r**2 + 3*r - 2. Give b(1).
-21
Let y(o) = 213*o + 1104. What is y(-5)?
39
Let v(o) = o**3 + 35*o**2 - 90*o + 12. Give v(-38).
-900
Let r(q) = -2*q**2 + 71*q - 29. What is r(35)?
6
Let i(u) = 95*u + 3993. Determine i(-42).
3
Let l(m) = 31*m - 21. Determine l(-2).
-83
Let n(k) = -k**3 - 9*k**2 - 23*k - 6. Determine n(-4).
6
Let j(s) = 9*s**2 - 32*s + 83. Give j(7).
300
Let n(b) = -b**3 - 32*b**2 + 117*b + 355. Give n(-35).
-65
Let u(s) = 85*s + 1073. What is u(-11)?
138
Let b(u) = 500*u - 3493. Calculate b(7).
7
Let l(k) = 65*k**3 - 454*k**2 - 52*k + 343. Give l(7).
28
Let m(d) = 4*d**2 + 13*d + 21. What is m(-5)?
56
Let z(g) = -g + 57. What is z(59)?
-2
Let x(d) = -d**2 - 98*d + 747. Calculate x(7).
12
Let j(n) = 7901*n + 71094. Give j(-9).
-15
Let y(m) = -m**3 - 50*m**2 + 1058*m + 18. Determine y(-66).
-114
Let f(r) = r**3 + 4*r**2 + r - 2. Calculate f(-2).
4
Let t(d) = d**3 - 16*d**2 + 23*d + 324. Determine t(8).
-4
Let q(a) = a**3 + 45*a**2 + 28*a - 688. Calculate q(-44).
16
Let k(g) = -269*g - 1344. Determine k(-5).
1
Let r(d) = -534*d - 38444. Determine r(-72).
4
Let p(j) = 138*j + 19322. Give p(-140).
2
Let q(a) = -163*a + 812. Determine q(5).
-3
Let c(t) = t**3 - 11*t**2 - 14*t + 14. Determine c(0).
14
Let z(w) = -7*w**3 + 4*w**2 - 2*w + 10. Give z(3).
-149
Let a(j) = 6*j**2 + 379*j + 3196. What is a(-10)?
6
Let p(o) = -6*o**3 - 7*o - 6. Give p(3).
-189
Let v(g) = -g**3 - 7*g**2 + 16*g + 4. Determine v(-8).
-60
Let w(x) = x**3 - 7*x**2 - 5*x + 15. What is w(6)?
-51
Let f(t) = t**3 - 3*t**2 - 5*t - 7. Give f(3).
-22
Let i(z) = -z**2 - 57*z - 566. What is i(-44)?
6
Let u(o) = 3*o**3 + 140*o**2 - 306*o - 12171. Determine u(-47).
2
Let d(m) = -94*m + 6688. Give d(76).
-456
Let l(o) = -7*o**2 - 151*o + 69. Calculate l(-22).
3
Let b(x) = x**3 - 32*x**2 - 74*x + 205. Determine b(34).
1
Let j(o) = -o**2 + 1829*o + 3675. Calculate j(-2).
13
Let m(c) = 21*c**2 - 359*c + 39. Determine m(17).
5
Let o(f) = -44*f + 3262. Determine o(74).
6
Let n(w) = 503*w + 1611. Give n(-3).
102
Let o(f) = -7*f**2 + 10*f - 18. Calculate o(3).
-51
Let k(c) = 2241*c + 35851. Give k(-16).
-5
Let i(v) = -v**3 - 60*v**2 + 57*v - 235. Determine i(-61).
9
Let m(b) = -b**3 + 2*b**2 - 10*b + 38. What is m(3)?
-1
Let a(d) = -670*d - 24108. Determine a(-36).
12
Let a(u) = -5*u**2 + 5*u - 219. What is a(0)?
-219
Let j(r) = -r**2 + 9*r + 642. Calculate j(30).
12
Let n(f) = 9*f + 92. Determine n(-19).
-79
Let q(z) = 71*z - 211. Give q(3).
2
Let q(p) = -5*p**3 + 112*p**2 - 37*p - 15. Give q(22).
139
Let a(b) = -5*b**3 + 49*b**2 - 5*b + 151. What is a(10)?
1
Let i(b) = b**3 + 29*b**2 + 219*b + 8. What is i(-13)?
-135
Let k(u) = -u**3 + 4*u**2 + 42*u - 17. Calculate k(9).
-44
Let l(w) = 110*w - 4399. Determine l(40).
1
Let t(y) = y**2 + 101*y + 1959. Give t(-27).
-39
Let p(o) = -15*o + 28. What is p(8)?
-92
Let r(k) = k**3 + 40*k**2 + 2*k - 41. Give r(-40).
-121
Let g(d) = -d**3 + 3*d**2 - 140. What is g(0)?
-140
Let u(j) = 110*j**2 - 556*j + 29. What is u(5)?
-1
Let j(k) = 6*k - 83. Determine j(18).
25
Let k(y) = -y**3 - 93*y**2 + 3*y - 163. Give k(-93).
-442
Let q(x) = -19*x**2 + 570*x + 20. Calculate q(30).
20
Let g(h) = -72*h - 2121. Calculate g(-30).
39
Let w(f) = -f**3 - 12*f**2 + 70*f + 381. Give w(-15).
6
Let m(j) = -101*j - 1536. Give m(-15).
-21
Let o(q) = q**3 + 5*q**2 - 2*q - 77. What is o(0)?
-77
Let h(x) = -x - 354. Determine h(-6).
-348
Let l(z) = -13*z**2 - 843*z + 77. Give l(-65).
-53
Let z(d) = -12*d - 2031. Determine z(-163).
-75
Let f(k) = -13*k**2 + 117*k - 87. Give f(7).
95
Let r(o) = -19*o**2 + 418*o + 28. Determine r(22).
28
Let l(c) = 3*c**3 - 7*c**2 - 95*c + 200. Calculate l(2).
6
Let v(u) = 330*u + 1581. Give v(-5).
-69
Let y(v) = -v**2 + 33*v - 156. What is y(6)?
6
Let l(u) = u**2 - 5*u - 60. Determine l(11).
6
Let d(n) = -3*n - 25. Determine d(16).
-73
Let d(b) = -95*b + 4514. Calculate d(48).
-46
Let l(v) = 20*v**2 + 28*v + 52. What is l(-2)?
76
Let t(w) = -6776*w - 33882. Determine t(-5).
-2
Let i(l) = -3*l**2 - 66*l - 555. Determine i(-9).
-204
Let c(r) = -19*r**2 + 1768*r - 39. What is c(93)?
54
Let h(w) = w**3 - 54*w**2 + 205*w + 62. Calculate h(4).
82
Let y(i) = i**2 - 194*i - 1004. What is y(-5)?
-9
Let w(f) = -50*f + 402. What is w(7)?
52
Let i(d) = 26*d**2 + 156*d + 6. Calculate i(-6).
6
Let m(h) = 20*h**2 + 77*h + 77. Determine m(-2).
3
Let r(u) = -u**3 + 207*u**2 - 2337*u - 38. Calculate r(12).
-2
Let o(x) = 10*x**2 - 158*x - 59. Determine o(16).
-27
Let s(i) = i**3 + 175*i**2 - 3913*i - 2537. Calculate s(-195).
-2
Let t(y) = 84*y + 290. Give t(-7).
-298
Let r(q) = -4*q**2 + 87*q + 72. Determine r(20).
212
Let m(q) = -q**3 - 131*q**2 - 771*q - 119. What is m(-6)?
7
Let i(n) = -4*n**2 + 372*n + 8501. Calculate i(-19).
-11
Let i(m) = 3*m**3 - 97*m**2 + 61*m - 922. Determine i(32).
6
Let l(h) = -h**3 + 12*h**2 - 41*h + 53. Give l(6).
23
Let w(x) = 214*x - 3854. Give w(18).
-2
Let j(x) = 8*x - 55. Determine j(4).
-23
Let w(o) = 2*o**3 - 3*o**2 - 4*o + 12. Give w(-2).
-8
Let r(p) = 2*p**2 + 42*p - 2663. Determine r(-48).
-71
Let x(n) = -7*n - 278. Give x(-38).
-12
Let u(n) = -2*n**3 + 270*n**2 + 16654*n - 362. Determine u(181).
0
Let q(f) = 2*f + 211. Give q(-105).
1
Let r(z) = 8*z**3 + 3*z**2 + 14*z + 12. Calculate r(-1).
-7
Let g(f) = 2*f**3 - 11*f**2 + 7*f - 5